-20) - (-8 + 1)?
4
What is the value of (-1 - -1) + (1 - (2 + -3))?
2
3 + -4 - (3 + 0) - -4
0
What is (15 - 12 - (-1 + 13)) + 4?
-5
-3 + (5 + -6 + 3 - 0)
-1
-1 - 0 - (-9 + 3 - -2)
3
Evaluate -2 + (-9 - -5 - -3).
-3
Evaluate -7 + (7 - 1) - (11 + -3).
-9
Calculate (1 - 2) + 5 - 6.
-2
Calculate 4 + -1 - 0 - 6.
-3
(4 + -1 - 5) + -9 + 12
1
Calculate -2 + (3 - (-5 + (-5 - -12))).
-1
(-5 - -1) + (19 - 12)
3
6 + -3 - (-13 + 11)
5
What is the value of 5 + (1 - 4) + -4 + -2?
-4
What is (-7 - (2 + -16)) + -4?
3
3 + (3 - 3) + -6 + -4
-7
(-21 - -23) + -2 + 0
0
-1 - 7 - ((-5 - -7) + -14)
4
What is -4 - (-3 - (-2 + 2 + -7))?
-8
Calculate -12 - -3 - (-5 + 1).
-5
Calculate 0 + 5 + -12 + 10.
3
Evaluate (-4 - -2) + 2 + -2.
-2
Evaluate (-8 - -10) + (3 - (3 + 7)).
-5
Evaluate (8 - 5 - -4) + -2.
5
What is 4 + (-3 - 4) + -1?
-4
What is 9 - 2 - (6 - (5 - 3))?
3
Evaluate -1 + 7 + -4 + 2 - 7.
-3
4 - 1 - (3 + -1 + 5)
-4
Evaluate 2 + -6 + -2 - (-4 + 2).
-4
What is the value of -12 + 13 + (1 - 3)?
-1
(3 - (1 - -2 - -4)) + 10
6
-2 + (-2 - (1 + -3)) - -2
0
Evaluate -7 - (-13 + 10) - -8.
4
(-4 - -1) + (8 - 6) - 7
-8
What is the value of 8 + 2 - ((-24 - -13) + 15)?
6
Evaluate (6 - -1) + (-47 - -41).
1
Evaluate (7 + -6 - -3) + 0 - 11.
-7
-1 + 1 - (-14 + 18)
-4
What is 3 + 5 + 1 + -3 + -1?
5
Calculate -1 + 0 - (11 - 7).
-5
What is 1 + 3 + (15 - 14)?
5
What is 1 + -3 + (2 - 3 - 2)?
-5
Calculate (-46 - -46) + (-2 - 0).
-2
What is -3 + 0 + -5 + 9 + -6?
-5
(6 - 1) + (-2 - 0) + 3
6
What is the value of -3 + (-37 - -38) + (0 - -2)?
0
Evaluate 7 + -7 - (2 + 0).
-2
What is the value of -6 - ((-2 - 6) + -1)?
3
Calculate 1 + -9 - (-1 + -3).
-4
Calculate -2 + 0 - (-3 + -1).
2
What is (5 - 11) + 2 + 2?
-2
Evaluate 0 + (5 - (-1 + 4)).
2
-2 + (-4 - -7) + 0
1
Calculate -2 + (-7 + 3 - -7 - 3).
-2
Calculate (73 - 82) + (6 - -1).
-2
Evaluate 4 + 2 + (-4 + 5 - 1).
6
-7 - -10 - 8 - -5
0
What is the value of 1 + 2 - (-6 + 1 + 8)?
0
Calculate -6 + 2 - (10 + (-3 - 8)).
-3
Evaluate 3 + (-9 - 0) + 1 + 2.
-3
Calculate 0 - (-3 - -4 - -1).
-2
What is (3 + -1 - (2 + -3)) + -6?
-3
What is -1 + (2 - 1) + -3?
-3
What is -4 + (4 - 3 - -5)?
2
What is the value of (-9 + 4 - -4) + 8 - 3?
4
What is the value of (-13 - -8 - 4) + 1?
-8
What is 6 - ((2 - -4) + 0)?
0
What is -1 - (3 - -1 - 5)?
0
Evaluate 0 - (-8 - -8) - -3.
3
What is the value of 1 - (-3 + (3 - 0)) - 2?
-1
Calculate -8 - (4 - 10) - (-2 - -6).
-6
Calculate 5 + (-6 - (-3 + -2)).
4
What is the value of -8 - -23 - (-5 - -12)?
8
Evaluate (3 - 8 - -1) + -2 + 7.
1
Calculate (32 - 31 - (1 + -4)) + -3.
1
What is -3 - -1 - (-2 + (-9 - -2))?
7
Evaluate 0 + -5 - (-5 - 0) - 1.
-1
What is 7 - -1 - (3 - (2 - 2))?
5
What is (-8 - -7 - 9) + (7 - 2)?
-5
Calculate -2 + 9 - (0 - -2) - 0.
5
Evaluate 0 + 2 + (-1 - 4).
-3
4 - (6 - 4 - (6 - 5))
3
(-3 - (0 - -4 - 5)) + 1
-1
What is the value of -3 + -6 - (0 + 8 + -16)?
-1
Calculate -3 + -3 + (-1 + 4 - -1).
-2
What is the value of -6 - -7 - (5 + 1 + -1)?
-4
Evaluate (0 - -3) + (13 - 8 - 15).
-7
What is the value of (-3 - -3) + -3 + (0 - 1)?
-4
Calculate 3 + (0 - 6) + 1.
-2
Evaluate -13 - -7 - 5 - 0.
-11
Evaluate -8 - (-5 + 3 + (1 - 4)).
-3
-2 + (-2 + 2 - -5 - 4)
-1
4 + (8 - 2) - 16
-6
What is the value of -3 - 3 - (-7 + (2 - -5))?
-6
Calculate (1 - -2) + 3 + (8 - 9).
5
(-21 - (17 - 38)) + (0 - -3)
3
Calculate 1 + -12 - (29 + -49 + 17).
-8
What is the value of -6 + 1 + (7 - (4 + -6))?
4
What is the value of 5 - (2 - -7) - -1?
-3
What is 19 - 18 - (-1 - -6) - -4?
0
Evaluate -1 + (0 - 1 - -5).
3
-8 + 14 - (-2 - -7)
1
Evaluate -27 + 35 + (0 - 6).
2
Evaluate -1 + -10 + (10 - (-3 + 8)).
-6
Evaluate -2 - (-3 + 9 + -3).
-5
Evaluate (5 - 12 - -6) + (-4 - 1).
-6
Calculate 10 + -8 - (-3 - (-3 - -2)).
4
4 - (-4 - -12) - -8
4
What is 0 + (16 - 12) + -5 + 2?
1
Calculate (-6 - -7) + (-4 - 0).
-3
-1 + (-4 - -1) + 0 + 3
-1
Evaluate 13 - (-3 + (4 - -5)).
7
Evaluate 16 + -2 + 4 + -12.
6
Evaluate 0 + (-2 - -5) - (6 + -3).
0
(-2 - (-1 - 0)) + 2
1
What is the value of -4 + 4 + 0 + -3?
-3
What is 2 + 4 + -2 + (-5 - -4)?
3
Calculate (22 - 5) + -10 + 1 + -17.
-9
(-10 - -14 - (2 - 2)) + -5
-1
What is 10 + -14 - (-1 + -1) - 1?
-3
Evaluate 0 - 0 - (1 + -1).
0
Evaluate 2 + -1 + 1 + -2.
0
Evaluate -9 - (21 + -20 + -1 + -1).
-8
Evaluate (3 - (-2 - 0 - -4)) + 3.
4
Evaluate 4 + (-4 - (-3 - 2 - -3)).
2
6 - (6 + -3) - 7
-4
What is the value of (-5 - (2 - (7 + -5))) + -1?
-6
Calculate -9 - (-12 - (-1 + -4)).
-2
What is 6 + 4 + (-1 - 14)?
-5
Evaluate (-1 - 2) + 5 - 7.
-5
Evaluate -1 + (0 - 0) + 0 + 4.
3
Evaluate 4 + (-2 - -1 - 1).
2
Calculate 7 + -16 + 9 - (2 + 1).
-3
(4 - 1) + -7 - -12
8
-8 + (3 - (-20 - -10))
5
Evaluate 2 + -1 + (-30 - -30).
1
Evaluate -9 - (-3 + -3 + 2) - -2.
-3
Evaluate (-18 - (4 + -11)) + (-8 - -13).
-6
Evaluate -5 - (6 - (12 - 6)).
-5
-2 + 7 + -8 + 6
3
What is 3 - -4 - (4 + 6)?
-3
Evaluate 5 - (-1 - -5 - -1).
0
-5 + (-7 - -5) + 8 - 7
-6
What is the value of (-6 - (-13 + 20)) + 7 + 0?
-6
What is 9 - (2 + (11 - 4))?
0
What is -2 + (9 - -3) + -9 + 4?
5
-4 + 0 + 6 + (-4 - 0)
-2
What is -11 + 3 + -2 + 5?
-5
Calculate 3 - (0 - 1) - (-28 + 28).
4
What is (-13 - -5 - -7) + 3?
2
Evaluate -1 + 6 + (-22 - -22).
5
What is the value of (-5 - -4) + 5 + -3?
1
What is the value of 9 + (6 - 17) + 4?
2
-2 + (3 - (-2 - -6))
-3
What is the value of 5 + -7 + 7 + -4?
1
What is the value of -5 - (-6 - 7) - 3?
5
1 - (-8 + 6 - (-1 + 1))
3
Calculate 3 + 13 + -13 + 0 + 1.
4
Evaluate 1 + 5 + (-2 + 0 - 1).
3
Calculate 2 - 0 - (13 - 12).
1
-2 + 0 - 3 - 0
-5
What is the value of 5 - (3 + -11 + 9)?
4
Evaluate 8 + (1 - (3 + 5)) + 2.
3
Calculate 4 + 1 + -8 + (8 - 2).
3
-8 - (5 - 0 - 5)
-8
-9 + 1 + (3 - 0)
-5
Calculate 9 + -8 + (2 - 2).
1
Evaluate (-2 - -8) + 3 + 7 + -9.
7
Calculate 0 + 1 - (12 + -3 + -1).
-7
What is -3 + 4 - (4 + 2)?
-5
What is the value of 3 - (4 - -1) - 3?
-5
Evaluate 1 + -5 + -5 + 4 + 3.
-2
Evaluate (-16 - (-5 + -9)) + (1 - -3).
2
Calculate 3 - 8 - -6 - (-2 - -2).
1
Calculate -2 - (7 + -3) - (-8 + 9).
-7
Evaluate (-6 - -5) + 23 + -13.
9
Calculate -3 + 4 + 3 + -16 + 12.
0
(52 - 46) + -2 + -1
3
What is -1 + -12 - (1 - 9)?
-5
What is the value of -4 - (-2 + (6 + -1 - 7))?
0
What is the value of 4 + (-1 - 15) + 5?
-7
Calculate -3 + 0 - -2 - (7 - 2).
-6
Evaluate -7 - (-1 + -1) - 5.
-10
-10 + (10 - -1) + 0
1
Calculate 2 + (-10 - (-3 + -2)).
-3
-1 - ((22 - 19) + (0 - 1))
-3
What is the value of 4 + 1 + -3 + 2?
4
24 - 13 - (-1 - 2 - -8)
6
Calculate -2 + 0 + 3 - 6.
-5
Calculate -11 - -6 - (-6 + 1) - 5.
-5
-13 + 18 - (0 + 7)
-2
Evaluate (0 - -1 - 6) + 135 + -127.
3
What is the value of 1 + -3 + (-8 - -6)?
-4
Evaluate 1 + -3 + 3 - (-118 - -115).
4
What is the value of 2 - 3 - 2 - -3 - 0?
0
What is (-7 - -11) + (1 + -1 - -1)?
5
-2 + (4 - 6) + 5 - 2
-1
Calculate -13 + 0 + 16 - -6.
9
What is the value of 2 + (3 - (-4 - -7))?
2
What is the value of (10 - 23 - -10) + -5?
-8
What is the value of (-1 - 0) + (6 - 2)?
3
What is (0 + 1 - -4) + -6?
-1
What is -35 + 33 - (-7 + 2 + 0)?
3
What is 1 + (1 + 0 - -1) - 1?
2
What is -4 + 3 + -3 - -2?
-2
Calculate 8 + -8 - (-1 + 6).
-5
What is the value of -5 + 9 + -12 + 8?
0
What is -14 + 0 - (-35 + (-10 - -37))?
-6
Calculate 6 + 5 + -4 - (-2 + 4).
5
What is -9 - (-7 + (11 - 6))?
-7
Evaluate -3 - (-4 + 4 + 1).
-4
Calculate -3 + (-1 - 3 - (-8 - -6)).
-5
Calculate (-2 - -2) + (-3 - (-2 + 0)).
-1
What is (2 - (3 + -5)) + -6 + -5?
-7
4 - 8 - (-4 + -1)
1
(4 + -4 - 3) + 0 + 4
1
What is 16 + 1 - (-56 - -68)?
5
What is the value of 0 + 2 + (-7 - -4) + -3?
-4
Evaluate 0 - (2 - (3 - 0)).
1
Evaluate 55 - 59 - (-1 + (0 - 1)).
-2
Evaluate 1 + (-2 - 2 - -1) - -9.
7
What is -1 - -2 - (5 - 4)?
0
Calculate -1 - (0 - -4) - (-27 + 31).
-9
Evaluate (-2 - 1) + 51 + -47.
1
What is -11 - (-8 + (5 - 4))?
-4
(-10 + 1 - -5) + (7 - -1)
4
What is the value of -10 - (2 + 4 + -10)?
-6
What is -2 + (-14 - -20) - (0 - 1)?
5
Calculate 4 - 4 - (4 - (-6 - -5)).
-5
Evaluate 0 - 15 - -10 - -2.
-3
7 - (-4 - -6) - 2
3
-11 + (-1 - (-4 - 8))
0
What is (-4 + -3 + 6 - -2) + -1?
0
Calculate -4 + 3 + (-3 - -4).
0
What is the value of -10 + 4 + (-8 - -14)?
0
(-7 - -7) + (1 - 0) + -1
0
What is the value of -1 - (0 + (6 - (-5 - -10)))?
-2
What is (-6 + 3 - -2) + (1 - 3)?
-3
-2 - (-13 - (7 - 13))
5
What is the value of 1 + -1 + 2 + (10 - 8)?
4
2 + 1 + (27 - 30)
0
-1 + -8 + (-2